{"id":48289,"date":"2023-10-03T19:08:08","date_gmt":"2023-10-03T16:08:08","guid":{"rendered":"https:\/\/teksilindirkapak.com\/?page_id=48289"},"modified":"2023-10-03T19:16:44","modified_gmt":"2023-10-03T16:16:44","slug":"firma-profili","status":"publish","type":"page","link":"https:\/\/teksilindirkapak.com\/index.php\/firma-profili\/","title":{"rendered":"Firma Profili"},"content":{"rendered":"\t\t<div data-elementor-type=\"wp-page\" data-elementor-id=\"48289\" class=\"elementor elementor-48289\" data-elementor-post-type=\"page\">\n\t\t\t\t\t\t\t\t\t<section class=\"elementor-section elementor-top-section elementor-element elementor-element-f2135a0 elementor-section-stretched elementor-section-boxed elementor-section-height-default elementor-section-height-default tm-col-stretched-none tm-bg-color-over-image\" data-id=\"f2135a0\" data-element_type=\"section\" data-settings=\"{&quot;stretch_section&quot;:&quot;section-stretched&quot;,&quot;background_background&quot;:&quot;classic&quot;}\">\n\t\t\t\t\t\t\t<div class=\"elementor-background-overlay\"><\/div>\n\t\t\t\t\t\t\t<div class=\"elementor-container elementor-column-gap-extended\">\n\t\t\t\t\t<div class=\"elementor-column elementor-col-50 elementor-top-column elementor-element elementor-element-588b817 tm-bg-color-over-image\" data-id=\"588b817\" data-element_type=\"column\">\n\t\t\t<div class=\"elementor-widget-wrap elementor-element-populated\">\n\t\t\t\t\t\t\t\t<div class=\"elementor-element elementor-element-590295e elementor-widget elementor-widget-tm-ele-animated-layers\" data-id=\"590295e\" data-element_type=\"widget\" data-widget_type=\"tm-ele-animated-layers.default\">\n\t\t\t\t<div class=\"elementor-widget-container\">\n\t\t\t\t\t<div class=\"tm-sc-animated-layer-advanced \">\r\n\t\t\t<div class=\"animated-layer-advanced-inner clearfix\">\r\n\t\r\n<div class=\"layer-image-wrapper layer-image  layer-image-fullwidth elementor-repeater-item-81cb61e\" style=\"\">\r\n\t<div class=\"layer-inner layer-image  \">\r\n\t\t<div class=\"layer-image-inner-wrapper image-hover-effect-shine\">\r\n\t\t\t<img loading=\"lazy\" decoding=\"async\" class=\"\" src=\"https:\/\/teksilindirkapak.com\/wp-content\/uploads\/2023\/09\/silindir-kapak-01-600x800.jpg\" width=\"600\" height=\"800\" alt=\"Image\">\r\n\t\t<\/div>\r\n\t<\/div>\r\n<\/div>\r\n<div class=\"layer-image-wrapper  layer-blank  elementor-repeater-item-4c79047\" style=\"\">\r\n\t<div class=\"layer-inner\">\r\n\t<\/div>\r\n<\/div>\r\n\t\t\t<\/div>\r\n\t\t\t<div class=\"clearfix\"><\/div>\r\n\t\t<\/div>\r\n\t\t\t<\/div>\n\t\t\t\t<\/div>\n\t\t\t\t\t<\/div>\n\t\t<\/div>\n\t\t\t\t<div class=\"elementor-column elementor-col-50 elementor-top-column elementor-element elementor-element-69c13ad tm-bg-color-over-image\" data-id=\"69c13ad\" data-element_type=\"column\">\n\t\t\t<div class=\"elementor-widget-wrap elementor-element-populated\">\n\t\t\t\t\t\t\t\t<div class=\"elementor-element elementor-element-1139b64 horizontal-line-align-left vertical-line-align-bottom elementor-widget elementor-widget-tm-ele-section-title\" data-id=\"1139b64\" data-element_type=\"widget\" data-widget_type=\"tm-ele-section-title.default\">\n\t\t\t\t<div class=\"elementor-widget-container\">\n\t\t\t<div class=\"tm-sc-section-title section-title \">\r\n\t<div class=\"title-wrapper\">\r\n\t\t\t\t\t\t<h6 class=\"subtitle \">\r\n\r\n\t\t\r\n\t\tTSK | TEK S\u0130L\u0130ND\u0130R KAPAK\t<\/h6>\r\n\t\t\t\t<h2 class=\"title \">\r\n\r\n\t\t\r\n\t\t\t\t<span class=\"title-part1 \">Profesonel Revizyon Hizmetleri<\/span>\r\n\t\t\t\t\r\n\t\t\r\n\t<\/h2>\r\n\t<div class=\"title-seperator-line\"><\/div>\t\t\t\t\t\t<\/div>\r\n<\/div>\t\t<\/div>\n\t\t\t\t<\/div>\n\t\t\t\t<div class=\"elementor-element elementor-element-cb13536 elementor-widget elementor-widget-tm-ele-text-editor\" data-id=\"cb13536\" data-element_type=\"widget\" data-widget_type=\"tm-ele-text-editor.default\">\n\t\t\t\t<div class=\"elementor-widget-container\">\n\t\t\t\t\t<div class=\"tm-text-editor\">\r\n\t\t<p style=\"text-align: justify;\">TEK S\u0130L\u0130ND\u0130R KAPAK, end\u00fcstri standard\u0131n\u0131n \u00fczerinde bir kalitede silindir kapa\u011f\u0131 revizyon hizmeti sunan \u00f6nc\u00fc bir firmad\u0131r. Firmam\u0131z, y\u0131llar\u0131n deneyimi ve uzman kadrosuyla silindir kapa\u011f\u0131 revizyonu alan\u0131nda g\u00fcvenilir bir \u00e7\u00f6z\u00fcm sunar.<\/p><p style=\"text-align: justify;\"><strong>TEK S\u0130L\u0130ND\u0130R KAPAK \u0130le Tan\u0131\u015f\u0131n:<\/strong><\/p><p style=\"text-align: justify;\"><strong>M\u00fckemmel Kalite:<\/strong> Silindir kapa\u011f\u0131 revizyonunda \u00fcst d\u00fczey kaliteye ba\u011fl\u0131l\u0131\u011f\u0131m\u0131z, i\u015fimizin temelidir. Her projemizde kaliteyi korumak ve art\u0131rmak i\u00e7in \u00f6zveriyle \u00e7al\u0131\u015f\u0131r\u0131z.<\/p><p style=\"text-align: justify;\"><strong>Teknolojik \u00dcst\u00fcnl\u00fck:<\/strong> TEK S\u0130L\u0130ND\u0130R KAPAK olarak, son teknoloji ekipman ve y\u00f6ntemleri kullan\u0131r\u0131z. Bu, i\u015flemlerimizi daha verimli hale getirirken, \u00fcr\u00fcnlerimizin dayan\u0131kl\u0131l\u0131\u011f\u0131n\u0131 ve performans\u0131n\u0131 art\u0131r\u0131r.<\/p><p style=\"text-align: justify;\"><strong>M\u00fc\u015fteri Odakl\u0131l\u0131k:<\/strong> M\u00fc\u015fteri memnuniyeti bizim i\u00e7in en \u00f6nemli \u00f6nceliktir. Her m\u00fc\u015fterimizin \u00f6zel ihtiya\u00e7lar\u0131n\u0131 anlamaya \u00e7al\u0131\u015f\u0131r ve bu ihtiya\u00e7lar\u0131 kar\u015f\u0131lamak i\u00e7in \u00e7\u00f6z\u00fcm \u00fcretiriz.<\/p><p style=\"text-align: justify;\"><strong>Rekabet\u00e7i Fiyatlar:<\/strong> \u00dcst\u00fcn hizmetimizi makul fiyatlarla sunar\u0131z. M\u00fc\u015fterilerimize en iyi de\u011feri sunmak i\u00e7in \u00e7al\u0131\u015f\u0131r\u0131z.<\/p><p style=\"text-align: justify;\"><strong>Zaman\u0131nda Teslimat:<\/strong> \u0130\u015f s\u00fcre\u00e7lerimizi optimize ederek, projelerinizi zaman\u0131nda teslim etmek i\u00e7in kararl\u0131 bir \u015fekilde \u00e7al\u0131\u015f\u0131r\u0131z.<\/p><p style=\"text-align: justify;\">TEK S\u0130L\u0130ND\u0130R KAPAK olarak, sizlere en iyi silindir kapa\u011f\u0131 revizyonu hizmetini sunmak ve i\u015flerinizi daha verimli ve g\u00fcvenilir hale getirmenize yard\u0131mc\u0131 olmak i\u00e7in buraday\u0131z. Bizimle \u00e7al\u0131\u015fman\u0131n avantajlar\u0131n\u0131 ke\u015ffedin ve i\u015fbirli\u011fi f\u0131rsatlar\u0131m\u0131z\u0131 de\u011ferlendirmek i\u00e7in bize ula\u015f\u0131n.<\/p><p style=\"text-align: justify;\">M\u00fc\u015fteri taleplerinizi kar\u015f\u0131lamak ve end\u00fcstriye \u00f6nc\u00fcl\u00fck etmek i\u00e7in buraday\u0131z. Sorular\u0131n\u0131z, teklifleriniz ve projeleriniz i\u00e7in bize ula\u015fmaktan \u00e7ekinmeyin.<\/p>\t\t<\/div>\r\n\t\t\t<\/div>\n\t\t\t\t<\/div>\n\t\t\t\t\t<\/div>\n\t\t<\/div>\n\t\t\t\t\t\t\t<\/div>\n\t\t<\/section>\n\t\t\t\t\t\t\t<\/div>\n\t\t","protected":false},"excerpt":{"rendered":"<p>TSK | TEK S\u0130L\u0130ND\u0130R KAPAK Profesonel Revizyon Hizmetleri TEK S\u0130L\u0130ND\u0130R KAPAK, end\u00fcstri standard\u0131n\u0131n \u00fczerinde bir kalitede silindir kapa\u011f\u0131 revizyon hizmeti&#8230;<\/p>\n","protected":false},"author":1,"featured_media":0,"parent":0,"menu_order":0,"comment_status":"closed","ping_status":"closed","template":"","meta":{"footnotes":""},"class_list":["post-48289","page","type-page","status-publish","hentry"],"_links":{"self":[{"href":"https:\/\/teksilindirkapak.com\/index.php\/wp-json\/wp\/v2\/pages\/48289","targetHints":{"allow":["GET"]}}],"collection":[{"href":"https:\/\/teksilindirkapak.com\/index.php\/wp-json\/wp\/v2\/pages"}],"about":[{"href":"https:\/\/teksilindirkapak.com\/index.php\/wp-json\/wp\/v2\/types\/page"}],"author":[{"embeddable":true,"href":"https:\/\/teksilindirkapak.com\/index.php\/wp-json\/wp\/v2\/users\/1"}],"replies":[{"embeddable":true,"href":"https:\/\/teksilindirkapak.com\/index.php\/wp-json\/wp\/v2\/comments?post=48289"}],"version-history":[{"count":4,"href":"https:\/\/teksilindirkapak.com\/index.php\/wp-json\/wp\/v2\/pages\/48289\/revisions"}],"predecessor-version":[{"id":48330,"href":"https:\/\/teksilindirkapak.com\/index.php\/wp-json\/wp\/v2\/pages\/48289\/revisions\/48330"}],"wp:attachment":[{"href":"https:\/\/teksilindirkapak.com\/index.php\/wp-json\/wp\/v2\/media?parent=48289"}],"curies":[{"name":"wp","href":"https:\/\/api.w.org\/{rel}","templated":true}]}}