{"id":48297,"date":"2023-10-03T19:11:46","date_gmt":"2023-10-03T16:11:46","guid":{"rendered":"https:\/\/teksilindirkapak.com\/?page_id=48297"},"modified":"2023-10-03T19:26:57","modified_gmt":"2023-10-03T16:26:57","slug":"silindir-kapak-kaynak-yapimi","status":"publish","type":"page","link":"https:\/\/teksilindirkapak.com\/index.php\/hizmetlerimiz\/silindir-kapak-kaynak-yapimi\/","title":{"rendered":"Silindir Kapak Kaynak Yap\u0131m\u0131"},"content":{"rendered":"\t\t<div data-elementor-type=\"wp-page\" data-elementor-id=\"48297\" class=\"elementor elementor-48297\" data-elementor-post-type=\"page\">\n\t\t\t\t\t\t\t<div class=\"elementor-element elementor-element-69167f5 e-flex e-con-boxed e-con e-parent\" data-id=\"69167f5\" data-element_type=\"container\" data-settings=\"{&quot;content_width&quot;:&quot;boxed&quot;}\" data-core-v316-plus=\"true\">\n\t\t\t\t\t<div class=\"e-con-inner\">\n\t\t<div class=\"elementor-element elementor-element-1031fe6 e-con-full e-flex e-con e-child\" data-id=\"1031fe6\" data-element_type=\"container\" data-settings=\"{&quot;content_width&quot;:&quot;full&quot;}\">\n\t\t\t\t<div class=\"elementor-element elementor-element-8fea3de elementor-widget elementor-widget-image\" data-id=\"8fea3de\" data-element_type=\"widget\" data-widget_type=\"image.default\">\n\t\t\t\t<div class=\"elementor-widget-container\">\n\t\t\t<style>\/*! elementor - v3.16.0 - 20-09-2023 *\/\n.elementor-widget-image{text-align:center}.elementor-widget-image a{display:inline-block}.elementor-widget-image a img[src$=\".svg\"]{width:48px}.elementor-widget-image img{vertical-align:middle;display:inline-block}<\/style>\t\t\t\t\t\t\t\t\t\t\t\t<img loading=\"lazy\" decoding=\"async\" width=\"1024\" height=\"683\" src=\"https:\/\/teksilindirkapak.com\/wp-content\/uploads\/2023\/10\/00006-1024x683.jpg\" class=\"attachment-large size-large wp-image-48146\" alt=\"\" srcset=\"https:\/\/teksilindirkapak.com\/wp-content\/uploads\/2023\/10\/00006-1024x683.jpg 1024w, https:\/\/teksilindirkapak.com\/wp-content\/uploads\/2023\/10\/00006-300x200.jpg 300w, https:\/\/teksilindirkapak.com\/wp-content\/uploads\/2023\/10\/00006-768x512.jpg 768w, https:\/\/teksilindirkapak.com\/wp-content\/uploads\/2023\/10\/00006-1536x1024.jpg 1536w, https:\/\/teksilindirkapak.com\/wp-content\/uploads\/2023\/10\/00006-672x448.jpg 672w, https:\/\/teksilindirkapak.com\/wp-content\/uploads\/2023\/10\/00006-600x400.jpg 600w, https:\/\/teksilindirkapak.com\/wp-content\/uploads\/2023\/10\/00006.jpg 1920w\" sizes=\"auto, (max-width: 1024px) 100vw, 1024px\" \/>\t\t\t\t\t\t\t\t\t\t\t\t\t\t\t<\/div>\n\t\t\t\t<\/div>\n\t\t\t\t<\/div>\n\t\t<div class=\"elementor-element elementor-element-750b47d e-con-full e-flex e-con e-child\" data-id=\"750b47d\" data-element_type=\"container\" data-settings=\"{&quot;content_width&quot;:&quot;full&quot;}\">\n\t\t\t\t<div class=\"elementor-element elementor-element-7f19310 elementor-widget elementor-widget-text-editor\" data-id=\"7f19310\" data-element_type=\"widget\" data-widget_type=\"text-editor.default\">\n\t\t\t\t<div class=\"elementor-widget-container\">\n\t\t\t<style>\/*! elementor - v3.16.0 - 20-09-2023 *\/\n.elementor-widget-text-editor.elementor-drop-cap-view-stacked .elementor-drop-cap{background-color:#69727d;color:#fff}.elementor-widget-text-editor.elementor-drop-cap-view-framed .elementor-drop-cap{color:#69727d;border:3px solid;background-color:transparent}.elementor-widget-text-editor:not(.elementor-drop-cap-view-default) .elementor-drop-cap{margin-top:8px}.elementor-widget-text-editor:not(.elementor-drop-cap-view-default) .elementor-drop-cap-letter{width:1em;height:1em}.elementor-widget-text-editor .elementor-drop-cap{float:left;text-align:center;line-height:1;font-size:50px}.elementor-widget-text-editor .elementor-drop-cap-letter{display:inline-block}<\/style>\t\t\t\t<p><span>Silindir Kapak Kaynak Yap\u0131m\u0131 motor kapa\u011f\u0131nda olu\u015fabilecek \u00e7atlak ve par\u00e7a k\u0131r\u0131lma kaynakl\u0131 muhtelif deformasyonlar\u0131 kaynak yard\u0131m\u0131yla onarma i\u015flemidir.<\/span><\/p>\t\t\t\t\t\t<\/div>\n\t\t\t\t<\/div>\n\t\t\t\t<\/div>\n\t\t\t\t\t<\/div>\n\t\t\t\t<\/div>\n\t\t\t\t\t\t\t<\/div>\n\t\t","protected":false},"excerpt":{"rendered":"<p>Silindir Kapak Kaynak Yap\u0131m\u0131 motor kapa\u011f\u0131nda olu\u015fabilecek \u00e7atlak ve par\u00e7a k\u0131r\u0131lma kaynakl\u0131 muhtelif deformasyonlar\u0131 kaynak yard\u0131m\u0131yla onarma i\u015flemidir.<\/p>\n","protected":false},"author":1,"featured_media":0,"parent":48293,"menu_order":0,"comment_status":"closed","ping_status":"closed","template":"","meta":{"footnotes":""},"class_list":["post-48297","page","type-page","status-publish","hentry"],"_links":{"self":[{"href":"https:\/\/teksilindirkapak.com\/index.php\/wp-json\/wp\/v2\/pages\/48297","targetHints":{"allow":["GET"]}}],"collection":[{"href":"https:\/\/teksilindirkapak.com\/index.php\/wp-json\/wp\/v2\/pages"}],"about":[{"href":"https:\/\/teksilindirkapak.com\/index.php\/wp-json\/wp\/v2\/types\/page"}],"author":[{"embeddable":true,"href":"https:\/\/teksilindirkapak.com\/index.php\/wp-json\/wp\/v2\/users\/1"}],"replies":[{"embeddable":true,"href":"https:\/\/teksilindirkapak.com\/index.php\/wp-json\/wp\/v2\/comments?post=48297"}],"version-history":[{"count":4,"href":"https:\/\/teksilindirkapak.com\/index.php\/wp-json\/wp\/v2\/pages\/48297\/revisions"}],"predecessor-version":[{"id":48357,"href":"https:\/\/teksilindirkapak.com\/index.php\/wp-json\/wp\/v2\/pages\/48297\/revisions\/48357"}],"up":[{"embeddable":true,"href":"https:\/\/teksilindirkapak.com\/index.php\/wp-json\/wp\/v2\/pages\/48293"}],"wp:attachment":[{"href":"https:\/\/teksilindirkapak.com\/index.php\/wp-json\/wp\/v2\/media?parent=48297"}],"curies":[{"name":"wp","href":"https:\/\/api.w.org\/{rel}","templated":true}]}}